4?
7c8
In base 15, what is 7 + 34b0?
34b7
In base 8, what is 2660 - -217?
3077
In base 2, what is 10 - 100110001001010?
-100110001001000
In base 12, what is b - -359?
368
In base 14, what is -21 - -25c?
23b
In base 16, what is 5fd + 941?
f3e
In base 15, what is -4 - -2159c?
21598
In base 3, what is -22 + 12010001?
12002202
In base 6, what is -1022 + -202310?
-203332
In base 15, what is 12d05 - 1?
12d04
In base 13, what is 81 + 247?
2c8
In base 10, what is 80275 + -2?
80273
In base 7, what is -530061 - -2?
-530056
In base 2, what is -101 + 10100100101100?
10100100100111
In base 7, what is -5 - -5135?
5130
In base 9, what is 4731547 + 1?
4731548
In base 2, what is 10101100110111100011 - 1000?
10101100110111011011
In base 8, what is 3765 - -2174?
6161
In base 6, what is -11054 - 1012?
-12110
In base 9, what is -302 + -546?
-848
In base 13, what is -99 - -181?
b5
In base 12, what is -2 + -2aa452?
-2aa454
In base 14, what is 9095 + 0?
9095
In base 7, what is -5 + -133544?
-133552
In base 10, what is 9 - -809?
818
In base 14, what is -a8 - 86?
-150
In base 11, what is -2a7 - -67?
-240
In base 8, what is 1 - 373227?
-373226
In base 15, what is -12 - -1d0a?
1ce8
In base 7, what is 36164 + -33?
36131
In base 3, what is -11020020 + 10020?
-11010000
In base 11, what is 0 - -5303?
5303
In base 7, what is 4 - -6435152?
6435156
In base 5, what is 1140423 + -13?
1140410
In base 3, what is 0 - 200112212111?
-200112212111
In base 14, what is -6 - 7764?
-776a
In base 10, what is 411 - 27?
384
In base 5, what is -321310013 + 2?
-321310011
In base 13, what is -19 - 24957?
-24973
In base 15, what is 1 - 4248?
-4247
In base 6, what is -1154 + 212544?
211350
In base 3, what is -11121002120100 - 12?
-11121002120112
In base 4, what is 1332110 + 3?
1332113
In base 3, what is -1110 - 102112?
-110222
In base 6, what is 1 - -3140553?
3140554
In base 6, what is 21 + 213232?
213253
In base 10, what is -368 - -825?
457
In base 14, what is 1c497 + 3?
1c49a
In base 15, what is 3c9eb + -c?
3c9de
In base 6, what is 35525 - 104?
35421
In base 11, what is 9 + 6891?
689a
In base 14, what is -843 + -2?
-845
In base 7, what is 3045 + 224?
3302
In base 3, what is 1 + 210222121?
210222122
In base 8, what is -25606 + -55?
-25663
In base 11, what is -2aa1 + 5?
-2a97
In base 5, what is -2 - -4021033?
4021031
In base 8, what is -165372 + 43?
-165327
In base 13, what is -1a66b + 2?
-1a669
In base 7, what is -6 + -6064?
-6103
In base 6, what is 114202 + 2?
114204
In base 16, what is abcb + -2?
abc9
In base 3, what is 2102202 + -21?
2102111
In base 14, what is 1 - 4888?
-4887
In base 9, what is -18 + -2227?
-2246
In base 13, what is -4577 - -7?
-4570
In base 6, what is -135442 - -2?
-135440
In base 11, what is -6417 - 1?
-6418
In base 6, what is -4 - -2211221?
2211213
In base 12, what is 95 + -56?
3b
In base 8, what is 3 + -24106?
-24103
In base 5, what is 1321 - -411333?
413204
In base 6, what is 3050 + -1013?
2033
In base 4, what is -230322 - -3?
-230313
In base 4, what is -1021 + 3100?
2013
In base 10, what is -5392 - -291?
-5101
In base 11, what is -5065 + 5?
-5060
In base 15, what is -58 - 74?
-cc
In base 11, what is -75 - 3643?
-3708
In base 5, what is 212042 - -1003?
213100
In base 9, what is 6 - 11225?
-11218
In base 6, what is 44 + 3412?
3500
In base 9, what is 81 + -3037?
-2846
In base 14, what is -71d - b8?
-7d7
In base 8, what is 57 + 4646?
4725
In base 14, what is 1 - 5d5a?
-5d59
In base 15, what is -a6ada - -2?
-a6ad8
In base 10, what is -5 + 17128?
17123
In base 8, what is -536 - 262?
-1020
In base 10, what is -51013 - 5?
-51018
In base 13, what is 12 - -6a?
7c
In base 9, what is -12333 + 15?
-12317
In base 11, what is 71592 + -9?
71584
In base 5, what is 22221040 - 2?
22221033
In base 9, what is 167157 - 3?
167154
In base 10, what is 265 + -4362?
-4097
In base 8, what is 12421 + -3?
12416
In base 12, what is -3b2 - -2b2?
-100
In base 16, what is 122 - 93a?
-818
In base 10, what is -3432128 + 4?
-3432124
In base 16, what is 2 - -ec64?
ec66
In base 10, what is -1553 + 716?
-837
In base 12, what is -7 + 2b866?
2b85b
In base 9, what is -282 + 17022?
16630
In base 6, what is -4 + -15343225?
-15343233
In base 14, what is -2 - -4a4dd?
4a4db
In base 9, what is 7801614 - 5?
7801608
In base 14, what is -61 + a0b?
98a
In base 12, what is -14307 - 131?
-14438
In base 11, what is 17a70 + 4?
17a74
In base 14, what is 16 - 43d?
-427
In base 5, what is -4 - 141102?
-141111
In base 10, what is -25896 + 3?
-25893
In base 7, what is 222 + -1613?
-1361
In base 16, what is d270 + -3?
d26d
In base 10, what is 4 + 9760?
9764
In base 4, what is -20 + 2010313?
2010233
In base 13, what is -86ba + -2?
-86bc
In base 13, what is -19 + 5325?
5309
In base 11, what is 8 - 6615?
-6608
In base 4, what is 30131230 - 2?
30131222
In base 13, what is -1782 - 20?
-17a2
In base 9, what is -8505 + 0?
-8505
In base 13, what is -3 + -2b686?
-2b689
In base 4, what is 20302323 - 0?
20302323
In base 6, what is 1000004 - -41?
1000045
In base 6, what is 3020304 + -3?
3020301
In base 11, what is -63 - 12449?
-12501
In base 12, what is 54642 + -4?
5463a
In base 4, what is 2021000 + 13?
2021013
In base 3, what is 1102100110 + 1220?
1102102100
In base 14, what is -34d - 130c?
-165b
In base 7, what is -23125 - -5?
-23120
In base 12, what is 149 - 17?
132
In base 3, what is -100 - -11212100?
11212000
In base 16, what is -a7 - -14cf?
1428
In base 9, what is -200873 + 6?
-200866
In base 2, what is -101 - -10010100001110?
10010100001001
In base 9, what is 3 - 4731?
-4727
In base 7, what is -160 + 51356?
51166
In base 15, what is -2 - -133d?
133b
In base 6, what is -511243 + 124?
-511115
In base 14, what is 1 + -2061?
-2060
In base 8, what is -3 - 77475?
-77500
In base 3, what is -1212211 - 1012111?
-10002022
In base 8, what is 300 + -507?
-207
In base 3, what is 1110112222 + -10?
1110112212
In base 7, what is -3 + 3503212?
3503206
In base 16, what is 381b8 - 3?
381b5
In base 13, what is 24585 - 1?
24584
In base 5, what is -2012 + -2021?
-4033
In base 7, what is -605616 - 20?
-605636
In base 12, what is -92 - -105a?
b88
In base 11, what is 36 - 1783?
-1748
In base 6, what is -113250 + 2?
-113244
In base 9, what is 2 - -2003358?
2003361
In base 9, what is -33718 - 55?
-33774
In base 12, what is 12628 + -1?
12627
In base 3, what is -110220 - -121102?
10112
In base 3, what is 1221120102 - 2101?
1221111001
In base 12, what is 32a847 - 4?
32a843
In base 13, what is -2b0c - -c?
-2b00
In base 7, what is 4 - 224?
-220
In base 16, what is -4d6e - -e?
-4d60
In base 13, what is 0 + -38657?
-38657
In base 11, what is 4161 + -9?
4153
In base 2, what is 1110 - 101000100001?
-101000010011
In base 8, what is -13211 - -5?
-13204
In base 8, what is 1626 - 16456?
-14630
In base 3, what is 1211010212222 + 10?
1211010220002
In base 2, what is 1100110010001011010 + -100?
1100110010001010110
In base 8, what is 7 - 4056?
-4047
In base 6, what is 14 + -4001?
-3543
In base 3, what is 222020100 + -20?
222020010
In base 3, what is -2011021 + -12112?
-2100210
In base 3, what is 1211012102001 + 0?
1211012102001
In base 5, what is -1 - 4304340?
-4304341
In base 14, what is -17316 + -2?
-17318
In base 13, what is 3c - -1a04b?
1a08a
In base 5, what is -1203 - 11243?
-13001
In base 2, what is -1011111 + -10011100101100?
-10011110001011
In base 9, what is 327 - 313?
14
In base 9, what is -6 + -34256?
-34263
In base 14, what is -51c + -c10?
-132c
In base 12, what is -4591835 + -4?
-4591839
In base 4, what is 23312 - 223?
23023
In base 4, what is 130133033 - 2?
130133031
In base 4, what is 10 - 211310001?
-211303331
In base 11, what is 4661846 - 2?
4661844
In base 2, what is -101 - -1011100000000110?
1011100000000001
In base 13, what is 54645 - -4?
54649
In base 9, what is -2633 + 230?
-2403
In base 7, what is -31 + 12551?
12520
In base 11, what is -58 - 4464?
-4511
In base 8, what is 573 + 174?
767
In base 13, what is -4a - 13809?
-13856
In base 3, what is -102201 + 2022011?
1212110
In base 6, what is 4130 + 2341?
10511
In base 5, what is -3020 + 130?
-2340
In base 8, what is 124 + 10222?
10346
In base 3, what is 200210 + 21220?
222200
In base 14, what is 12a9b - 5?
12a96
In base 3, what is -22 + 12122022000?
12122021201
In base 12, what is -113 + -a35?
-b48
In ba